{"id":13,"date":"2012-02-10T11:43:04","date_gmt":"2012-02-10T10:43:04","guid":{"rendered":"https:\/\/new.chevreaux-suprematistes.com\/index.php\/le-vivant-dans-la-ville\/"},"modified":"2023-09-22T16:47:02","modified_gmt":"2023-09-22T14:47:02","slug":"le-vivant-dans-la-ville","status":"publish","type":"page","link":"https:\/\/new.chevreaux-suprematistes.com\/index.php\/page-d-exemple\/le-vivant-dans-la-ville\/","title":{"rendered":"Le vivant dans la ville"},"content":{"rendered":"<p>Une immense maquette d&rsquo;un Paris th\u00e9orique, con\u00e7ue comme un carnet de notes en volume, pr\u00e9sente des recommandations pour pr\u00e9server le vivant (animaux et v\u00e9g\u00e9taux) dans la ville et mieux cohabiter avec lui.<\/p>\n<p>Cette installation est r\u00e9alis\u00e9e d&rsquo;apr\u00e8s la \u00ab\u00a0Charte de Paris\u00a0\u00bb sur le vivant r\u00e9dig\u00e9e par la Mairie de Paris donnant des pr\u00e9conisations aux riverains et b\u00e2tisseurs.<\/p>\n","protected":false},"excerpt":{"rendered":"<p>Une immense maquette d&rsquo;un Paris th\u00e9orique, con\u00e7ue comme un carnet de notes en volume, pr\u00e9sente des recommandations pour pr\u00e9server le vivant (animaux et v\u00e9g\u00e9taux) dans la ville et mieux cohabiter avec lui. Cette installation est r\u00e9alis\u00e9e d&rsquo;apr\u00e8s la \u00ab\u00a0Charte de Paris\u00a0\u00bb sur le vivant r\u00e9dig\u00e9e par la Mairie de Paris donnant des pr\u00e9conisations aux riverains [&hellip;]<\/p>\n","protected":false},"author":1,"featured_media":0,"parent":2,"menu_order":0,"comment_status":"open","ping_status":"closed","template":"","meta":{"footnotes":""},"type_de_page":[],"class_list":["post-13","page","type-page","status-publish","hentry"],"_links":{"self":[{"href":"https:\/\/new.chevreaux-suprematistes.com\/index.php\/wp-json\/wp\/v2\/pages\/13","targetHints":{"allow":["GET"]}}],"collection":[{"href":"https:\/\/new.chevreaux-suprematistes.com\/index.php\/wp-json\/wp\/v2\/pages"}],"about":[{"href":"https:\/\/new.chevreaux-suprematistes.com\/index.php\/wp-json\/wp\/v2\/types\/page"}],"author":[{"embeddable":true,"href":"https:\/\/new.chevreaux-suprematistes.com\/index.php\/wp-json\/wp\/v2\/users\/1"}],"replies":[{"embeddable":true,"href":"https:\/\/new.chevreaux-suprematistes.com\/index.php\/wp-json\/wp\/v2\/comments?post=13"}],"version-history":[{"count":1,"href":"https:\/\/new.chevreaux-suprematistes.com\/index.php\/wp-json\/wp\/v2\/pages\/13\/revisions"}],"predecessor-version":[{"id":121,"href":"https:\/\/new.chevreaux-suprematistes.com\/index.php\/wp-json\/wp\/v2\/pages\/13\/revisions\/121"}],"up":[{"embeddable":true,"href":"https:\/\/new.chevreaux-suprematistes.com\/index.php\/wp-json\/wp\/v2\/pages\/2"}],"wp:attachment":[{"href":"https:\/\/new.chevreaux-suprematistes.com\/index.php\/wp-json\/wp\/v2\/media?parent=13"}],"wp:term":[{"taxonomy":"type_de_page","embeddable":true,"href":"https:\/\/new.chevreaux-suprematistes.com\/index.php\/wp-json\/wp\/v2\/type_de_page?post=13"}],"curies":[{"name":"wp","href":"https:\/\/api.w.org\/{rel}","templated":true}]}}