{"id":11,"date":"2012-01-18T08:55:58","date_gmt":"2012-01-18T07:55:58","guid":{"rendered":"https:\/\/new.chevreaux-suprematistes.com\/index.php\/biomimetique\/"},"modified":"2023-09-22T16:48:24","modified_gmt":"2023-09-22T14:48:24","slug":"biomimetique","status":"publish","type":"page","link":"https:\/\/new.chevreaux-suprematistes.com\/index.php\/page-d-exemple\/biomimetique\/","title":{"rendered":"Biomim\u00e9tique"},"content":{"rendered":"<p>La science s&rsquo;inspire parfois des animaux pour imaginer de nouvelles applications.<\/p>\n<p>Sous une forme surr\u00e9aliste, l&rsquo;installation repr\u00e9sente ces inspirations. Une canne pour aveugle qui aide \u00e0 se diriger gr\u00e2ce aux ultra-sons, comme les chauves souris. Des bottes qui utilisent l&rsquo;hydrophobie, comme les araign\u00e9es d&rsquo;eau, pour flotter. Un robot qui a des yeux \u00e0 multifacettes comme les mouches. La lime qui s&rsquo;inspire de la langue des chats&#8230;<\/p>\n","protected":false},"excerpt":{"rendered":"<p>La science s&rsquo;inspire parfois des animaux pour imaginer de nouvelles applications. Sous une forme surr\u00e9aliste, l&rsquo;installation repr\u00e9sente ces inspirations. Une canne pour aveugle qui aide \u00e0 se diriger gr\u00e2ce aux ultra-sons, comme les chauves souris. Des bottes qui utilisent l&rsquo;hydrophobie, comme les araign\u00e9es d&rsquo;eau, pour flotter. Un robot qui a des yeux \u00e0 multifacettes comme [&hellip;]<\/p>\n","protected":false},"author":1,"featured_media":0,"parent":2,"menu_order":0,"comment_status":"open","ping_status":"closed","template":"","meta":{"footnotes":""},"type_de_page":[],"class_list":["post-11","page","type-page","status-publish","hentry"],"_links":{"self":[{"href":"https:\/\/new.chevreaux-suprematistes.com\/index.php\/wp-json\/wp\/v2\/pages\/11","targetHints":{"allow":["GET"]}}],"collection":[{"href":"https:\/\/new.chevreaux-suprematistes.com\/index.php\/wp-json\/wp\/v2\/pages"}],"about":[{"href":"https:\/\/new.chevreaux-suprematistes.com\/index.php\/wp-json\/wp\/v2\/types\/page"}],"author":[{"embeddable":true,"href":"https:\/\/new.chevreaux-suprematistes.com\/index.php\/wp-json\/wp\/v2\/users\/1"}],"replies":[{"embeddable":true,"href":"https:\/\/new.chevreaux-suprematistes.com\/index.php\/wp-json\/wp\/v2\/comments?post=11"}],"version-history":[{"count":1,"href":"https:\/\/new.chevreaux-suprematistes.com\/index.php\/wp-json\/wp\/v2\/pages\/11\/revisions"}],"predecessor-version":[{"id":123,"href":"https:\/\/new.chevreaux-suprematistes.com\/index.php\/wp-json\/wp\/v2\/pages\/11\/revisions\/123"}],"up":[{"embeddable":true,"href":"https:\/\/new.chevreaux-suprematistes.com\/index.php\/wp-json\/wp\/v2\/pages\/2"}],"wp:attachment":[{"href":"https:\/\/new.chevreaux-suprematistes.com\/index.php\/wp-json\/wp\/v2\/media?parent=11"}],"wp:term":[{"taxonomy":"type_de_page","embeddable":true,"href":"https:\/\/new.chevreaux-suprematistes.com\/index.php\/wp-json\/wp\/v2\/type_de_page?post=11"}],"curies":[{"name":"wp","href":"https:\/\/api.w.org\/{rel}","templated":true}]}}