{"id":10,"date":"2012-01-18T08:55:42","date_gmt":"2012-01-18T07:55:42","guid":{"rendered":"https:\/\/new.chevreaux-suprematistes.com\/index.php\/dans-lombre-des-dinosaures\/"},"modified":"2023-09-22T16:41:24","modified_gmt":"2023-09-22T14:41:24","slug":"dans-lombre-des-dinosaures","status":"publish","type":"page","link":"https:\/\/new.chevreaux-suprematistes.com\/index.php\/scenographies-ou-installations-scenographiques\/dans-lombre-des-dinosaures\/","title":{"rendered":"Dans l&rsquo;ombre des dinosaures"},"content":{"rendered":"<div class=\"column\">\n<p>Nous avons r\u00e9alis\u00e9 une installation pour l&rsquo;\u00e9pilogue de l&rsquo;exposition <em>Dans l&rsquo;ombre des Dinosaures<\/em> \u00e0 la Grande Galerie de l&rsquo;Evolution du Mus\u00e9um National d&rsquo;Histoire Naturelle en 2010\/11.<br \/>\nIl s&rsquo;agit d&rsquo;une installation enti\u00e8rement r\u00e9alis\u00e9e en papier.<\/p>\n<\/div>\n<div class=\"column\">\n<p>Elle est compos\u00e9e de 3 parties qui figurent diff\u00e9rentes temporalit\u00e9s : <\/p>\n<ol>\n<li> Les grandes sph\u00e8res repr\u00e9sentent le long temps de transformation de la terre ; <\/li>\n<li> Les origamis, \u00e0 travers la s\u00e9quence de leur fabrication, le temps de l&rsquo;\u00e9volution des esp\u00e8ces ; <\/li>\n<li> La \u00ab\u00a0terre des Hommes\u00a0\u00bb en papier finement d\u00e9coup\u00e9, le temps acc\u00e9l\u00e9r\u00e9 de l&rsquo;Homme et ses activit\u00e9s.<\/li>\n<\/ol>\n<\/div>\n<div class=\"column\">\n<p>De grand films d&rsquo;engrenages, en papier, eux aussi, suivent l&rsquo;ensemble.<br \/>\nUne bande sonore r\u00e9alis\u00e9e \u00e0 partir de son de papiers accompagne l&rsquo;installation.<\/p>\n<p><a href=\"http:\/\/dinos.mnhn.fr\/\">Site de l&rsquo;exposition<\/a><\/p>\n<\/div>\n","protected":false},"excerpt":{"rendered":"<p>Nous avons r\u00e9alis\u00e9 une installation pour l&rsquo;\u00e9pilogue de l&rsquo;exposition Dans l&rsquo;ombre des Dinosaures \u00e0 la Grande Galerie de l&rsquo;Evolution du Mus\u00e9um National d&rsquo;Histoire Naturelle en 2010\/11. Il s&rsquo;agit d&rsquo;une installation enti\u00e8rement r\u00e9alis\u00e9e en papier. Elle est compos\u00e9e de 3 parties qui figurent diff\u00e9rentes temporalit\u00e9s : Les grandes sph\u00e8res repr\u00e9sentent le long temps de transformation de [&hellip;]<\/p>\n","protected":false},"author":1,"featured_media":0,"parent":107,"menu_order":0,"comment_status":"open","ping_status":"closed","template":"","meta":{"footnotes":""},"type_de_page":[],"class_list":["post-10","page","type-page","status-publish","hentry"],"_links":{"self":[{"href":"https:\/\/new.chevreaux-suprematistes.com\/index.php\/wp-json\/wp\/v2\/pages\/10","targetHints":{"allow":["GET"]}}],"collection":[{"href":"https:\/\/new.chevreaux-suprematistes.com\/index.php\/wp-json\/wp\/v2\/pages"}],"about":[{"href":"https:\/\/new.chevreaux-suprematistes.com\/index.php\/wp-json\/wp\/v2\/types\/page"}],"author":[{"embeddable":true,"href":"https:\/\/new.chevreaux-suprematistes.com\/index.php\/wp-json\/wp\/v2\/users\/1"}],"replies":[{"embeddable":true,"href":"https:\/\/new.chevreaux-suprematistes.com\/index.php\/wp-json\/wp\/v2\/comments?post=10"}],"version-history":[{"count":1,"href":"https:\/\/new.chevreaux-suprematistes.com\/index.php\/wp-json\/wp\/v2\/pages\/10\/revisions"}],"predecessor-version":[{"id":109,"href":"https:\/\/new.chevreaux-suprematistes.com\/index.php\/wp-json\/wp\/v2\/pages\/10\/revisions\/109"}],"up":[{"embeddable":true,"href":"https:\/\/new.chevreaux-suprematistes.com\/index.php\/wp-json\/wp\/v2\/pages\/107"}],"wp:attachment":[{"href":"https:\/\/new.chevreaux-suprematistes.com\/index.php\/wp-json\/wp\/v2\/media?parent=10"}],"wp:term":[{"taxonomy":"type_de_page","embeddable":true,"href":"https:\/\/new.chevreaux-suprematistes.com\/index.php\/wp-json\/wp\/v2\/type_de_page?post=10"}],"curies":[{"name":"wp","href":"https:\/\/api.w.org\/{rel}","templated":true}]}}